*q**2 - 13*q - 29. Calculate n(-5).
-14
Let y(l) = -6*l - 286. What is y(-46)?
-10
Let q(z) = 223*z + 1334. Determine q(-6).
-4
Let p(u) = -u - 4. Determine p(-4).
0
Let q(w) = w**2 - 10*w + 14. What is q(6)?
-10
Let r(p) = -45*p**3 + 1. Calculate r(-1).
46
Let q(m) = 8*m - 18. Determine q(4).
14
Let w(h) = -11*h - 22. Determine w(-8).
66
Let b(q) = q - 9. What is b(13)?
4
Let h(t) = t**3 - 2*t**2 - 5*t - 90. Give h(0).
-90
Let q(z) = -2*z**3 + z**2 + 8*z - 2. What is q(3)?
-23
Let l(a) = 10*a - 16. Calculate l(2).
4
Let a(w) = -w**2 - 6*w - 14. What is a(-6)?
-14
Let z(k) = 8*k + 5. Give z(7).
61
Let i(u) = -3*u - 15. Give i(-5).
0
Let v(x) = x**2 - 5*x. What is v(7)?
14
Let q(m) = m**2 + 26*m - 150. Give q(5).
5
Let n(t) = -t**2 + 21*t + 48. Determine n(23).
2
Let r(m) = -m - 2. Give r(-10).
8
Let b(g) = -g**3 - 7*g**2 + 13*g + 27. What is b(-8)?
-13
Let d(a) = a + 29. What is d(-13)?
16
Let w(t) = -t**2 + 10*t - 7. Calculate w(7).
14
Let l(s) = s**3 - 6*s**2 - 4*s - 12. Determine l(6).
-36
Let y(t) = t**3 - 13*t**2 + 41*t + 4. Give y(6).
-2
Let s(g) = -2*g**2 - 10*g + 259. Determine s(9).
7
Let t(u) = u**2 - 7*u - 1. Give t(4).
-13
Let s(r) = 13*r**2 + 2*r - 8. What is s(0)?
-8
Let g(y) = y**2 - 22*y + 15. Give g(22).
15
Let r(o) = 2*o**2 - 12*o + 2. What is r(1)?
-8
Let x(s) = -10*s**2 + 89*s + 4. Calculate x(9).
-5
Let r(n) = -6*n**3 + n**2 + 3*n + 3. What is r(-2)?
49
Let t(y) = y**3 + 8*y**2 - y + 12. Give t(-7).
68
Let x(q) = -q**3 - 4*q**2 - 4*q - 11. Give x(-2).
-11
Let b(l) = l - 44. Determine b(-3).
-47
Let q(p) = -8*p - 269. Calculate q(-34).
3
Let w(x) = 4*x + 22. Determine w(-4).
6
Let c(k) = 2*k**3 - 5*k**2 + k + 4. Give c(3).
16
Let v(t) = 7*t - 13. Give v(-3).
-34
Let p(v) = -18*v + 150. Calculate p(8).
6
Let q(p) = -10*p + 5. Determine q(-2).
25
Let n(u) = u**2 + 2*u + 7. What is n(7)?
70
Let d(t) = t**2 + 4*t - 6. Give d(-5).
-1
Let d(s) = 2*s**2 + 24*s + 10. What is d(-11)?
-12
Let k(j) = -j**3 + 21*j**2 - 35*j - 37. Determine k(19).
20
Let w(n) = 23*n - 382. What is w(17)?
9
Let v(l) = l**3 + 15*l**2 - 16*l + 7. What is v(-16)?
7
Let t(d) = -31*d - 5. Determine t(-1).
26
Let k(h) = h**3 - 14*h**2 + 17*h. Give k(13).
52
Let a(u) = -3*u**3 - u - 3. Calculate a(2).
-29
Let o(i) = i**2 - 5*i - 53. Calculate o(10).
-3
Let r(k) = 2*k - 22. Calculate r(18).
14
Let s(l) = -l**2 + 24*l + 36. Give s(25).
11
Let b(a) = a**2 + 5*a + 4. Determine b(-3).
-2
Let n(b) = b**2 + 5*b - 1. Give n(-5).
-1
Let s(j) = -6*j**3 + 2*j**2 + 2. Give s(2).
-38
Let b(k) = k**2 - 13*k - 8. Determine b(14).
6
Let r(i) = i**3 - 9*i**2 + 10*i - 18. Calculate r(8).
-2
Let v(w) = 6*w**2 - 145*w + 15. Determine v(24).
-9
Let p(f) = 2*f**3 - 16*f**2 - 6*f + 3. Give p(8).
-45
Let p(q) = q**2 - 6*q - 14. What is p(5)?
-19
Let f(i) = -110*i + 15. Give f(-1).
125
Let y(j) = j**2 + 6*j - 6. What is y(-4)?
-14
Let y(h) = h**3 + 5*h**2 + 3*h + 4. What is y(-5)?
-11
Let d(p) = -2*p**2 + 7*p + 2. Calculate d(5).
-13
Let n(q) = q**3 + 5*q**2 + 6*q + 2. Give n(-3).
2
Let n(h) = h**2 + 6*h + 3. What is n(-4)?
-5
Let h(f) = -f**2 + 18*f + 18. Determine h(17).
35
Let n(g) = g**3 + 3*g**2 - 12*g - 7. Determine n(-5).
3
Let k(l) = -14*l + 17. What is k(1)?
3
Let m(s) = -5*s + 22. Calculate m(3).
7
Let x(k) = -k**2 + 27*k - 45. What is x(24)?
27
Let t(s) = 7*s + 23. Give t(-4).
-5
Let a(p) = -p**3 - 28*p**2 - 25*p + 58. What is a(-27)?
4
Let w(p) = -10*p - 24. Give w(-3).
6
Let t(c) = 5*c**2 + 130*c - 8. What is t(-26)?
-8
Let f(i) = -i - 2. Give f(2).
-4
Let j(r) = r**2 + 24*r + 48. What is j(-22)?
4
Let o(g) = -g - 14. Determine o(-9).
-5
Let y(u) = 11*u - 53. Calculate y(0).
-53
Let k(y) = y + 37. Calculate k(-20).
17
Let h(k) = -k**2 + 5*k - 8. Calculate h(6).
-14
Let i(g) = -5*g + 8. What is i(2)?
-2
Let n(y) = -y**2 + 2*y + 5. What is n(4)?
-3
Let p(q) = -2*q**3 - 6*q**2 + 8*q + 22. What is p(-2)?
-2
Let k(z) = 13*z + 53. What is k(-4)?
1
Let q(o) = o**3 - 9*o**2 + 10*o. Give q(8).
16
Let n(g) = -11*g - 18. Calculate n(-6).
48
Let a(u) = u**3 - 4*u**2 - 3*u - 6. What is a(4)?
-18
Let u(o) = -o - 5. Give u(0).
-5
Let p(b) = -58*b + 1. What is p(1)?
-57
Let y(j) = 2*j - 1. Give y(-11).
-23
Let w(f) = -f**3 - 16*f**2 - 15*f + 7. What is w(-15)?
7
Let j(u) = -13*u**2 - 7*u - 6. Determine j(-1).
-12
Let q(x) = -x**2 + 8. What is q(-7)?
-41
Let b(l) = l**3 - 16*l**2 + 18*l - 16. What is b(15)?
29
Let r(i) = -i**3 - 2*i**2 + 4*i - 4. Calculate r(-5).
51
Let o(f) = 4*f + 4. Determine o(2).
12
Let n(v) = -2*v**2 - 10*v - 14. Calculate n(-2).
-2
Let l(v) = v**3 + 4*v**2 - 4*v - 2. Determine l(-5).
-7
Let q(j) = 3*j - 37. Determine q(6).
-19
Let w(n) = -n - 2. What is w(-9)?
7
Let u(s) = s - 54. What is u(0)?
-54
Let m(l) = 2*l**2 + 4*l + 28. Give m(-5).
58
Let n(o) = -o**3 - 7*o**2 - 3*o - 4. Calculate n(-6).
-22
Let v(b) = b**3 + 21*b**2 - 46*b + 6. Determine v(-23).
6
Let x(j) = j**3 + 14*j**2 + 2*j + 2. Give x(-14).
-26
Let d(q) = q - 11. Determine d(8).
-3
Let y(j) = j**3 - 4*j**2 - 4*j + 9. Calculate y(2).
-7
Let b(l) = l + 14. Give b(-22).
-8
Let u(a) = a**3 - 5*a**2 - 7*a - 7. Calculate u(6).
-13
Let f(g) = -5*g - 45. Determine f(-8).
-5
Let t(i) = -i**3 + 4*i**2 - 5*i - 2. What is t(3)?
-8
Let s(l) = l + 16. What is s(5)?
21
Let m(y) = 17*y**2 + 2*y + 4. Calculate m(-1).
19
Let b(n) = n**3 + 3*n**2 - 7. Determine b(0).
-7
Let c(x) = 2*x - 7. Determine c(6).
5
Let k(l) = -2*l**2 - 30*l - 108. Calculate k(-6).
0
Let m(i) = -11*i - 4. Determine m(-3).
29
Let d(m) = m**3 - 16*m**2 - 35*m - 18. What is d(18)?
0
Let o(x) = x**2 + 5*x - 6. Determine o(-6).
0
Let p(v) = v**3 - 8*v**2 - 13*v + 34. Give p(9).
-2
Let c(g) = -g**3 - 22*g**2 + 26*g + 17. What is c(-23)?
-52
Let p(n) = -9*n**2 - 2*n + 2. Calculate p(1).
-9
Let b(d) = 4*d - 97. Determine b(24).
-1
Let l(h) = -6*h + 1. Determine l(-5).
31
Let x(l) = l**3 - 11*l**2 + 30*l - 11. What is x(4)?
-3
Let z(v) = -v**2 + 6*v - 7. Calculate z(5).
-2
Let f(h) = 2*h - 18. Give f(15).
12
Let s(h) = h**3 - 18*h**2 + 62*h - 32. Give s(14).
52
Let w(d) = 12*d + 43. Calculate w(-8).
-53
Let o(d) = -d**3 - 36*d**2 - 35*d - 4. Calculate o(-35).
-4
Let n(q) = -20*q - 797. Determine n(-40).
3
Let v(k) = -k**2 + 4*k - 1. Calculate v(4).
-1
Let c(b) = -2*b + 12. What is c(7)?
-2
Let m(p) = p**2 - 31*p + 79. Determine m(28).
-5
Let r(w) = -5*w**2 + 12*w + 55. Give r(5).
-10
Let h(a) = a**2 - a - 6. Calculate h(-4).
14
Let y(f) = f**3 + 83*f**2 - 170*f + 2. What is y(-85)?
2
Let y(j) = j**3 + 11*j**2 - 27*j - 293. Give y(-11).
4
Let a(y) = 43*y**3 - 2*y + 1. Calculate a(1).
42
Let g(t) = -22*t + 1246. What is g(57)?
-8
Let u(z) = z**3 + 2*z**2 - 7*z + 5. Determine u(1).
1
Let h(k) = -k**2 - 8*k - 11. Give h(-2).
1
Let r(g) = -9*g - 55. Give r(-6).
-1
Let k(l) = l**2. Give k(-4).
16
Let w(f) = -f**3 + 21*f**2 - 2*f + 33. Calculate w(21).
-9
Let y(w) = -w**2 - 12*w - 5. What is y(-11)?
6
Let h(y) = -y**3 - 4*y**2 + 9*y - 10. What is h(-7)?
74
Let v(x) = 4*x**2 - 3*x - 14. What is v(6)?
112
Let u(p) = -3*p**2 + 19*p + 41. Determine u(-2).
-9
Let j(g) = -g**3 - 3*g**2 - 2*g. What is j(-2)?
0
Let t(f) = f + 16. Determine t(-4).
12
Let j(f) = -f**2 - f + 2. Give j(-2).
0
Let p(w) = w**2 - 35*w + 152. Give p(29).
-22
Let m(n) = n**2 + 9*n - 103. What is m(6)?
-13
Let l(f) = -f**3 + 6*f**2 - f. Calculate l(6).
-6
Let h(k) = 15*k - 2. Determine h(3).
43
Let k(m) = -m**3 - m**2 - 8. What is k(0)?
-8
Let t(w) = w**3 + 9*w**2 + 5*w - 4. Calculate t(-8).
20
Let o(a) = -a**2 - 27*a - 139. What is o(-6)?
-13
Let t(g) = -3*g**3 + 6*g**2 + 9*g - 1. Give t(-3).
107
Let g(i) = -i**3 - 11*i**2 - 9*i - 12. Calculate g(-10).
-22
Let q(s) = -s**3 - 5*s + 5. Determine q(2).
-13
Let a(i) = 9*i + 14. Give a(-2).
-4
Let d(u) = u**3 - 17*u**2 + u - 7. Determine d(17).
10
Let l(n) = 14*n**2. What is l(2)?
56
Let v(m) = m**2 - 25*m - 80. Determine v(28).
4
Let u(f) = -3*f - 3. Determine u(3).
-12
Let g(p) = p**3 - 13*p**2 + 21*p + 2. What is g(11)?
-9
Let w(p) = -p**2 - 2*p + 2. What is w(3)?
-13
Let g(h) = h**3 - 3*h**2 - 20*h + 4. Calculate g(6).
-8
Let b(p) = p - 21. What is b(27)?
6
Let o(i) = -4*i - 4. Determine o(7).
-32
Let b(l) = 7*l**2 + 13*l - 34. Calculate b(2).
20
Let n(b) = -b**3 - 4*b**2 + b - 13. What is n(-5)?
7
Let c(z) = z + 37. Give c(-17).
20
Let o(p